(6). Let w = f - 5. Is q(w) prime?
True
Let v(u) = -1079*u**3 + 6*u - 9. Let j(d) = -539*d**3 + 3*d - 5. Let a(y) = 5*j(y) - 3*v(y). Is a(1) prime?
True
Let k = 403 + 111. Suppose 5*b - 3*b = k. Suppose -49*l - b = -50*l. Is l composite?
False
Let y(r) = -495*r**3 - 5*r**2 - 9*r - 5. Is y(-2) composite?
True
Let z = -13 + 15. Suppose z*w - 964 = w. Suppose 2*h - w = 5*l, -2*l + 6*l = h - 479. Is h prime?
True
Suppose -5*n + 5172 = -3*n. Suppose -n = p - 3*p. Is p composite?
True
Let o(b) = -b**3 + 20*b**2 - 21*b - 19. Let k be o(15). Suppose 5*a = 2*q + k, -2*a = q - 2*q - 317. Is a a prime number?
True
Let s be 123/(-12) + (-2)/(-8). Is (6/s)/((-1)/235) a composite number?
True
Let o(b) = -42*b - 13. Is o(-21) a prime number?
False
Let l = -1601 + 2300. Is l a prime number?
False
Suppose -5*c + 3*v = 6*v - 7715, 3*c + 3*v - 4629 = 0. Suppose -2*x + 1023 = -c. Is x a composite number?
False
Let r = 13 + -9. Suppose 3*w - r*z - 570 = -z, 0 = 3*z - 9. Suppose -242 = -3*k + w. Is k a composite number?
True
Let m(i) be the first derivative of i**3/3 - 3*i**2 + 6*i - 1. Let t(c) = -c**3 + 2*c**2 + 5*c - 1. Let g be t(4). Is m(g) a prime number?
False
Is 4*(-5)/((-120)/52674) prime?
True
Let q(o) = o**2. Let a(j) = 8*j**2 - 10*j + 7. Let l(d) = a(d) + 2*q(d). Let s be (-156)/(-27) + 2/9. Is l(s) a composite number?
False
Let s(o) = o - 21. Let c be s(23). Suppose -c*b = 2*u - 1634, -2*u + b = -b - 1638. Is u composite?
True
Let x be 1659/(-56) - 6/16. Is 12/x - 1267/(-5) prime?
False
Suppose -4*w + 5*m = -21, -w + 6 + 1 = -3*m. Suppose 2*o + w*v + 10 = 0, 4*o - v - 38 = -13. Suppose -3*x + 187 = -o*b, -x - 4*b = -0*x - 51. Is x composite?
False
Let x = -1596 - -2313. Is x prime?
False
Let y(x) = -9865*x**3 - x**2 + x + 2. Is y(-1) prime?
False
Suppose -2*p = -38 + 10. Let g = p - 14. Suppose -h + g*h = -47. Is h composite?
False
Let p(m) = m**3 + 2*m**2 + m + 134. Is p(0) a composite number?
True
Suppose -4*v + 2*v - 3998 = 0. Let w = v + 3100. Is w prime?
False
Suppose 7*t = 179455 - 60602. Suppose -t = -11*a + 18980. Is a a composite number?
True
Let c be (5187/63)/(-1 - (-13)/12). Suppose 0 = -16*d + 12*d + c. Is d a prime number?
False
Let l = 8267 + 9848. Is l composite?
True
Suppose -2*a + 4*h - h + 19 = 0, -15 = 3*h. Suppose -19 = 5*r + a*b + 4, r + 15 = -3*b. Let v(q) = -83*q + 2. Is v(r) composite?
False
Let j(g) = 2*g**2 + 7*g + 9. Let b(p) = -2*p**2 - 8*p - 10. Let o(x) = 4*b(x) + 5*j(x). Let r be 2/(-4)*-4*-2. Is o(r) prime?
False
Suppose 3*b - 2802 = -3*b. Is b a prime number?
True
Let r be ((-20)/(-8) + -3)*-4. Suppose 3*m - 4 + 10 = 5*b, -8 = 4*m + r*b. Is (-4 - m)*1126/(-4) composite?
False
Let u = 4168 + -677. Is u prime?
True
Suppose -4*c + 19 - 63 = 0. Let h = -11 - c. Suppose -4*s + 7*s - 483 = h. Is s composite?
True
Is -2*(152515/10)/(-11) a composite number?
True
Let b = -12 - -32. Suppose -647 = 19*z - b*z. Is z composite?
False
Let i(g) = -g**3 - 5*g**2 + 7*g - 4. Let p be i(-6). Let v(z) = 15*z - 12. Let b(w) = 16*w - 12. Let o(a) = 4*b(a) - 5*v(a). Is o(p) a prime number?
False
Suppose 28656 = 12*u + 2508. Is u a prime number?
True
Let m(g) = -g**3 + 9*g**2 - 2. Let l be m(9). Is (l - 0)*2*(-203)/4 a prime number?
False
Is (0 - -1 - 3490)/((-36)/12) a prime number?
True
Let z(y) = y**2 + 8*y - 2. Let d be z(-8). Is 33/(-9)*(-3)/d*-214 composite?
True
Let l(x) = x**3 + x + 3. Let r(p) = -p**3 + p**2. Suppose 4*a + 3 = 7. Let h be r(a). Is l(h) prime?
True
Let q be (-4 - -3)*-1 + -19. Let z = -26 - q. Is ((-393)/6)/(4/z) a prime number?
True
Let l be -4 + (740/1 - -2). Let i = l - 211. Is i a prime number?
False
Let r(z) = z**3 - 2*z**2 + 2*z. Let m be r(2). Suppose 16*y = 13*y + 591. Suppose -m*x + 1185 = y. Is x a prime number?
False
Let b(h) = 2*h - 5. Let y be b(4). Let t(z) = -z**y + 3*z**3 - 2 - z**3 + 5*z - 7*z**2. Is t(7) a prime number?
False
Let n = -97 + 104. Suppose -10371 = -3*q + 4*g, 2*g = n*g + 15. Is q prime?
False
Let w(o) = -4*o**3 + o**2 + o - 1. Let c be w(-1). Suppose 2*v = -2*x + 880, -2*x - c*x = 15. Is v a prime number?
True
Suppose 4*w + w = 4*p - 38, -4*w = -5*p + 52. Let t = 20 - p. Suppose -5*l = -20, 4*a + 5*l + 864 = t*a. Is a a prime number?
False
Suppose -5*l + j + 8990 = 0, 5*l - 5*j - 3573 = 3*l. Is l a prime number?
False
Let b(c) = -c**3 - 14*c**2 - 8*c + 11. Let q be b(-13). Let i be (2/(-3))/(12/q). Suppose i*y = -t + 288, y = -3*t + 2*t + 94. Is y a prime number?
True
Suppose -2*o + 3*z - 19981 = 38315, 0 = 4*z - 8. Is (o/60)/(18/(-8) + 2) composite?
True
Let k be (22*35)/(1/4). Suppose 3*d - 2*x - k = d, d - 3*x = 1534. Is d a prime number?
True
Suppose -b = -0*b - 4*w - 1213, 3*b = -2*w + 3597. Suppose 2*h + 5*z - 810 = z, 3*h - z - b = 0. Is h a prime number?
True
Let v be (40/35)/((-8)/(-28)). Suppose 44 = o - 247. Suppose i + o = v*i. Is i prime?
True
Is (-2 - -3)/(2/1706) a composite number?
False
Let p = 717 - -2624. Is p a prime number?
False
Let r be ((0/1)/(-3))/1 + 1792. Suppose -5*s + 1138 = -3*d - 1129, 4*s + 3*d = r. Is s prime?
False
Let b(j) = -2*j**2 - 3*j**2 + 9 - 3*j**2 + 2*j + 2*j**3. Is b(5) a composite number?
True
Suppose 0 = -3*s + 6*s. Suppose -2*t + 4 - 2 = 0, 5*m - 3*t - 1862 = s. Is m composite?
False
Is ((-69166)/(-14))/((-64)/(-448)) prime?
True
Let t be (-18)/((-12)/(-54) - (-476)/(-2061)). Suppose 2*a - t = -3*l + 4*l, 2*l = -5*a + 5157. Is a a composite number?
False
Let u be ((-9)/6)/(4/(-8)). Let j(x) = 185*x**u + 2*x - 2*x + 0 + 2*x - 2. Is j(1) composite?
True
Suppose -2 = 3*z - 32. Let u = 11 - 9. Suppose -u*p + i = -92, -5*p + 4*i = -z*p + 243. Is p a composite number?
False
Let v(i) = i - 3. Let c be v(7). Suppose a - 146 = c*k, 0*a - 2*k + 252 = 2*a. Let t = 321 - a. Is t composite?
False
Suppose 5*c + 0*c = 0. Suppose 4*x + 1593 = 3*j, 0 = -2*x + 4*j - c*j - 794. Let o = -176 - x. Is o composite?
False
Let l = 0 + 2. Suppose -5*w + 875 = -w + m, -l*m - 659 = -3*w. Is w a composite number?
True
Let x = 9818 + -2905. Is x prime?
False
Suppose -3*l = -5*h - 4484 - 2582, 2352 = l - 5*h. Is l a composite number?
False
Let x(s) = 33*s - 11. Let a be x(4). Suppose -w = -3*z + w + 153, 5*w - a = -2*z. Is z a prime number?
True
Suppose -3 = 3*g, -2*g + 62 = -4*m + 2*m. Let o be 6/4*m/(-12). Is (-296)/16*o/(-2) prime?
True
Let y = 7736 - 3153. Is y a composite number?
False
Suppose 0 = -b + 5*d + 2344 + 2653, d - 9972 = -2*b. Is b a composite number?
False
Suppose -24078 = -3*s - 4*g + 20851, 4*s - 59918 = g. Is s a prime number?
False
Suppose 4*v + 12850 = 2*l - 15756, -5*v = -5*l + 71515. Is l a composite number?
False
Suppose -12*m + 9022 = -2870. Is m composite?
False
Let d = -6 + 6. Suppose -2*i + 41 = 3*r, d*r - 4*r - 3*i + 55 = 0. Is r*((-1)/(-1))/1 prime?
True
Let a = 13 + -8. Let c(b) = b**2 + 56*b + 0 - 27*b - 22*b - 7. Is c(a) a prime number?
True
Is (150/15)/(4/6778) a composite number?
True
Is 11869 - 4 - ((-4 - -10) + -4) a prime number?
True
Is (-89 + 0/(-2))*(-625 + 18) prime?
False
Let x = -19394 - -40677. Is x composite?
False
Let k be (6/1 + 0)*(-8)/(-6). Suppose -11*z + 17135 = 5*j - k*z, -5*j + 17135 = -3*z. Is j composite?
True
Let l = 12 + -1. Let k(t) = -2*t + 22. Let p be k(l). Suppose 66 = -p*y + 3*y. Is y composite?
True
Let q = -12842 + 20899. Is q composite?
True
Let n(a) = a - 13. Let q be n(15). Suppose q*i + 897 = 5*i. Is i a composite number?
True
Let b = -18 + 23. Suppose -x = -3*x - 5*k + 208, b*k = 0. Let l = 73 + x. Is l composite?
True
Suppose -3*t - 244480 = -5*l, -t - 2*t - 48884 = -l. Is l prime?
False
Let k(z) = 77*z**2 - 12*z - 9. Let v be k(7). Let q = v - 2209. Is q a composite number?
False
Let j(d) = -554*d + 75. Is j(-14) a composite number?
True
Suppose 9*o - 7*o - 6 = 0. Suppose 14 - 17 = -o*y. Is (1874/4)/(y/2) a prime number?
True
Let l(k) = -3*k + 2. Let r(s) = -10*s + 7. Let y(g) = -7*l(g) + 2*r(g). Let q be y(-2). Is (6/q + -160)/(-1) a prime number?
True
Let a be (-2*3)/((-6)/549). Suppose 5*s = a + 241. Is s prime?
False
Let z = 3835 - 2438. Is z prime?
False
Suppose 8*n - 2036 - 2836 = 0. Suppose 0 = -3*b + n + 396. Is b composite?
True
Suppose -5*p = a + 26, -3*p = -3*a - 4 + 16. Let q(g) = g**3 - 13*g**2 - 14*g + 1. Let h be q(14). Is (-314 - 0)/(h/a) composite?
True
Suppose -5*o = 5*t - 5,